9. Is 9 a factor of x?
True
Let z(o) = o**3 - 5*o**2 + 4*o - 4. Is z(5) a multiple of 6?
False
Let w = 1 - -2. Suppose 0 = -w*q + 4*s + 23, -q + s - 3 = -2*q. Suppose q*o = -5*z + 15, -38 = -5*o + 4*z + 13. Is 7 a factor of o?
True
Suppose -2*q + f = -f - 64, 0 = -5*f. Does 30 divide q?
False
Let h(r) = -19*r - 1. Let t(s) = -9*s. Let f(w) = -2*h(w) + 5*t(w). Is f(-4) a multiple of 17?
False
Suppose 3*g - 2*i = -0*g + 343, 3*i = 5*g - 573. Suppose g - 5 = 4*m. Is m a multiple of 7?
True
Does 10 divide (-2 - 46/(-1))/((-5)/(-10))?
False
Let d be (4/(-4))/(1/6). Is 4 a factor of -2*d/((-3)/(-1))?
True
Suppose 2*q - 7*q = -145. Let x = q - 2. Does 7 divide x?
False
Suppose -58 = -2*l + l. Is 35 a factor of l?
False
Suppose -2*t + t - 373 = -3*d, -2*d + 5*t + 266 = 0. Suppose -d = -2*y + 181. Suppose 3*q - 5*w - 98 = 0, -3*w + y = 8*q - 3*q. Does 12 divide q?
False
Let i = -50 - -109. Is 17 a factor of i?
False
Let o(f) = -f - 2. Let z be o(-4). Suppose 0 = z*y + y - 6. Suppose y*l = -0*l + 22. Is l a multiple of 11?
True
Let n be 0/(-1) - (1 + -6). Suppose -3*g + 0*g - n*c = 16, -4*c - 8 = 0. Let i(o) = -9*o**3 + o**2 + 2*o + 3. Is i(g) a multiple of 26?
False
Suppose -4*a - 42 = 3*g, 0*a - 2*a - g = 20. Let b = -11 + a. Let f = b + 28. Does 7 divide f?
False
Let c = 42 + 54. Is 17 a factor of c?
False
Let t = -4 - -8. Suppose -14 = -4*y + 2*y + 2*m, 0 = 5*m + 25. Suppose 36 = y*h - 0*h - 3*b, -4*b = -t*h + 64. Does 12 divide h?
True
Suppose 5*k + 101 = 2*g, 3*g = 2*k + 163 - 28. Suppose -2*p - 3*z + g = 0, p + 2*p - 3*z = 27. Is 7 a factor of p?
True
Let p = -6 - -1. Let z = 0 - p. Is 5 a factor of z?
True
Suppose -4*m - 5*g + 307 = 0, 2*m + 2*g - 115 = 41. Does 13 divide m?
False
Suppose -3*f + s - 259 = -4*f, -1 = -s. Does 8 divide f?
False
Let o = 216 + -72. Is o a multiple of 16?
True
Let q = 7 - -3. Suppose -3*i = 2*i + q, 4*z = -2*i + 92. Is 12 a factor of z?
True
Suppose -k + 99 = -0*j - 3*j, -3*k - 3*j + 249 = 0. Is 29 a factor of k?
True
Let p be 0 - -2*(-3)/(-6). Is 12 a factor of ((-10)/6)/(p/(-18))?
False
Suppose -30*o + 33*o - 36 = 0. Is o a multiple of 2?
True
Let a be -1 + 19 - (-12)/6. Let y = a + 0. Is y a multiple of 15?
False
Suppose 6*i - 4*i - 8 = 0. Let s(x) = -x**3 + 9*x**2 - 3*x - 3. Let a(m) = m**2 - m. Let w(l) = -5*a(l) + s(l). Is 2 a factor of w(i)?
False
Let g(w) = 4*w**2 + 15*w + 16. Is 16 a factor of g(-5)?
False
Let g be 3 + 2 - (1 - -1). Let k be ((-4)/g)/(5/(-15)). Suppose 0*i = k*r - 2*i - 44, r = -i + 8. Does 10 divide r?
True
Suppose 0 = 4*f + 12, 2*j - 42 = -2*j - 2*f. Let z = j + -19. Let a(b) = -b**3 - 7*b**2 - 3*b - 6. Is 9 a factor of a(z)?
False
Let z = 5 + 91. Is 16 a factor of z?
True
Let v(d) = -d**2 - 12*d - 7. Is 28 a factor of v(-7)?
True
Suppose -5 = -x + b, -5*x - b + 25 = -x. Let n = x - 2. Suppose n*j = j + 54. Is 15 a factor of j?
False
Let z(o) = 3*o**2 + 4*o + 4. Let x(p) = -1. Let j(q) = -q + 6. Let n(m) = j(m) + 6*x(m). Let u be n(4). Does 13 divide z(u)?
False
Suppose 6 = 4*i - 2. Is i a multiple of 2?
True
Let t be (-2 - 2)/((-4)/186). Suppose 2*j = 5*j - t. Suppose 4*l + j = 206. Is 20 a factor of l?
False
Suppose 316 = 2*u + 2*u. Is u a multiple of 30?
False
Let g = -15 - -87. Is g a multiple of 9?
True
Let i(g) be the first derivative of 1 + 35/2*g**2 - g. Is 20 a factor of i(1)?
False
Let b = 233 - 165. Does 17 divide b?
True
Let w(r) = r**3 + 5*r**2 - 2*r + 3. Suppose -2*x = 9 + 1. Let b be w(x). Let v = 32 - b. Is 11 a factor of v?
False
Let c = -2 - -5. Suppose 0*d = -c*d + 153. Is 17 a factor of d?
True
Suppose -658 = 2*s - 9*s. Does 12 divide s?
False
Let v(h) = -8*h - 12. Is 12 a factor of v(-6)?
True
Suppose 1 = 3*c - 2*d - 20, 3*d - 28 = -4*c. Does 7 divide c?
True
Suppose -3*w + 1 = -l, -5*w + 2*l = -0*w. Let p be ((-570)/20)/((-3)/4). Suppose u - 1 + p = w*o, -3*o = 2*u - 45. Does 17 divide o?
True
Let l = 10 + -4. Let v = l - -7. Is v a multiple of 12?
False
Let a(q) = -q**3 + 5*q**2 - 4*q + 6. Let d be a(4). Does 8 divide ((-2)/d)/((-1)/30)?
False
Let y(t) = -t**3 - 3*t**2 + 3*t - 3. Let i be y(-4). Suppose 6 - i = n. Is n even?
False
Let x = -38 + 53. Is 15 a factor of x?
True
Does 29 divide 9/6*116/6?
True
Let n be -1 - 1/(2/(-290)). Suppose 0*y = -4*y + n. Is y a multiple of 14?
False
Let v(c) be the first derivative of 2*c**2 - c + 2. Let g be v(-2). Let f = -4 - g. Is f a multiple of 5?
True
Suppose -4*j = -2*d - 12, 4*d + 2 = j - 1. Let l = 17 - 15. Suppose -5*g + 111 = -j*v - 69, 0 = l*v. Is 17 a factor of g?
False
Let v(d) = -d**2 + 10*d - 1. Let j be v(8). Suppose -4*n + j + 5 = 0. Suppose 65 = 3*f + n*p, 0*f - f + p = -27. Does 18 divide f?
False
Suppose m - 4 = 1. Suppose -u - m*o + 20 = 4*u, -3*u - 5*o = -12. Is u a multiple of 3?
False
Let o(p) = -p**3 + 6*p**2 + 3*p - 3. Let x be o(6). Suppose -2*k = k - x. Is 3 a factor of k?
False
Is 36/(-12) - 51/(-1) a multiple of 6?
True
Let j = 41 + 28. Does 11 divide j?
False
Is (-24)/(-2 - 15/(-12)) a multiple of 6?
False
Suppose n + 3*m - 4 - 11 = 0, -10 = 3*n - 2*m. Suppose 0 = 3*u - n*u - 114. Suppose -3*b + u = -49. Is b a multiple of 17?
False
Let c(a) = a**2 + 6*a - 2. Let t be c(-7). Suppose 5*h = t*i - 2*i + 35, 3*h - 2 = -2*i. Does 4 divide h?
True
Let m be 1/1 - 15/1. Is m/(-4) - 2/(-4) even?
True
Let y(t) = -22*t + 4. Let g be y(-3). Let a = -43 + g. Let l = -18 + a. Is 3 a factor of l?
True
Let a = -12 - -46. Let r = a - -8. Is r a multiple of 17?
False
Let m(l) = -14*l - 6. Let v(s) = 28*s + 13. Suppose z + 3*x = 12, 0*x + 10 = 3*z - 4*x. Let a(f) = z*v(f) + 13*m(f). Does 14 divide a(-1)?
True
Let y(u) = 132*u**3 + u**2 - 2*u + 1. Does 31 divide y(1)?
False
Let t = 328 - 196. Does 33 divide t?
True
Let x(f) = f**2 + 6*f - 1. Suppose 0 = 3*g + 2*g + 5*t, -t - 8 = -g. Is x(g) a multiple of 13?
True
Is 15 a factor of (-1 - 2) + 24*2?
True
Let i(s) = s**2 - s - 3. Let r be i(3). Suppose 0 = -5*j + r*x + 76, x + 25 = 4*j - 33. Is j a multiple of 14?
True
Let u = -12 + 24. Suppose -u = 6*m - 2*m. Is 2/(m/((-27)/6)) a multiple of 2?
False
Let q = 10 + -8. Suppose -2*r + 16 = -q*t, 9 = r + t - 7. Does 12 divide r?
True
Is 18 a factor of (2 - (-1566)/30) + (-2)/10?
True
Let g(f) = 3*f**2 + 5*f - 4. Is g(-4) a multiple of 12?
True
Suppose 3*c - 155 = -2*i, -5*i + 3*c = -c - 330. Suppose i = x - 0*x. Suppose -4*r - x = -6*r. Is r a multiple of 23?
False
Let f(u) = -u. Let m(b) = 16*b - 2. Let i(t) = -6*f(t) - m(t). Is 18 a factor of i(-4)?
False
Let w(o) = -35*o + 4. Does 13 divide w(-1)?
True
Suppose 6 = i + 1. Suppose -d + 1 = -2*g - g, i*g + 13 = -4*d. Let u = d + 36. Is 17 a factor of u?
True
Let h(i) = -i**2 + 4*i + 3. Let s be h(-3). Let g = 6 + -11. Let y = g - s. Is 6 a factor of y?
False
Suppose 132 = 3*b + 42. Let f be ((-6)/9)/((-4)/b). Suppose -f*i + 20 = -i. Does 3 divide i?
False
Let h = -16 + 23. Is 11 a factor of (h + -2)*(-308)/(-35)?
True
Let s = -13 + 27. Is s a multiple of 13?
False
Suppose -2*o = 3*o + 15. Is ((-324)/(-63))/(o/(-14)) a multiple of 10?
False
Let x(q) = -q**2 + 8*q + 40. Does 7 divide x(8)?
False
Suppose -k + 3*k = 48. Let d = k - -46. Suppose -5*j + d = 2*t, -t = 4*j - 19 - 37. Does 7 divide j?
True
Let c be 15/3 + 3 + -6. Suppose 2*y - 1 = 3. Suppose y*a = -c, 4 = 4*u - 3*a - 35. Is 9 a factor of u?
True
Let x(b) = b**2 + 6*b - 6. Does 33 divide x(9)?
False
Suppose -60 - 1 = b. Let t = 146 + b. Suppose -2*q - 3*q + t = 5*k, q = 0. Is k a multiple of 15?
False
Let m(z) = 9*z - 6. Suppose -8*q = -4*h - 4*q, q + 20 = 5*h. Is 13 a factor of m(h)?
True
Let t be 8*(-4 + (5 - 2)). Let i(f) = -f**2 - 8*f + 5. Let g be i(t). Suppose 0 = 3*m - 0*m - 9, -g*j + 81 = 2*m. Does 6 divide j?
False
Suppose 16 = i - 26. Is 7 a factor of i?
True
Suppose -4*z - 513 = -1333. Does 41 divide z?
True
Suppose 0*w + 2*w = 6. Suppose -w*a = a - 48. Suppose -4*l - a = -44. Is l a multiple of 5?
False
Suppose -4*k + 4 = -2*k, 96 = 2*q - 4*k. Does 10 divide q?
False
Suppose 3*x = -5*q + 129, 15 = x + 3*q - 32. Is 17 a factor of x?
False
Let f = -3 - -5. Let x be (1 + -7)*(f - 3). Does 2 divide (1/(2/x))/1?
False
Let b(f) = f**2 - 2*f - 3. Let k be b(4). Suppose -i - y = -5*i + 105, -k*i + 4*y = -134. Does 13 divide i?
True
Suppose 3*t - 174 = 3*q, 0 = -4*t + 2*q - 3*q + 207. Suppose o - 2*o = -t. Does